ime?
True
Is 81164193023 composite?
False
Is 21147445769 a composite number?
False
Is 1463663987 prime?
False
Is 627597587 a composite number?
False
Is 2619700301 a prime number?
True
Is 912919061 prime?
True
Is 11852110009 a prime number?
True
Is 516018973 composite?
False
Is 16943117101 a composite number?
False
Is 163936489 prime?
True
Is 526773869 composite?
False
Is 31355818849 composite?
False
Is 2311167899 prime?
False
Is 5750291938 prime?
False
Is 7989171067 a prime number?
True
Is 242018819 a prime number?
False
Is 2722881107 a composite number?
True
Is 22159517423 a prime number?
False
Is 107129750257 a composite number?
True
Is 15611710993 composite?
True
Is 11132509 prime?
False
Is 10855538129 composite?
True
Is 27691427287 a prime number?
False
Is 800657731 a prime number?
True
Is 1178387719 a prime number?
False
Is 75237893 a composite number?
True
Is 192871073 a composite number?
True
Is 4466411227 a composite number?
True
Is 879725417 a prime number?
True
Is 5951695929 a prime number?
False
Is 2753685023 prime?
True
Is 75551440177 a composite number?
False
Is 19990013237 a composite number?
True
Is 33042131 a prime number?
True
Is 13140203539 a composite number?
False
Is 927726307 a prime number?
True
Is 47491309 a prime number?
True
Is 2616419131 composite?
False
Is 105274613 prime?
False
Is 119367640459 a composite number?
True
Is 6222247097 a prime number?
False
Is 65688334339 a composite number?
True
Is 298580209 a prime number?
True
Is 232521503 a prime number?
False
Is 21653483773 prime?
True
Is 3503051471 a prime number?
True
Is 538174639 prime?
False
Is 46819041323 a composite number?
False
Is 52696935509 a composite number?
True
Is 52556889859 prime?
True
Is 1410531431 a prime number?
True
Is 4526507603 a composite number?
True
Is 17603623261 a prime number?
False
Is 349123483 composite?
False
Is 3988865081 prime?
True
Is 6320399779 composite?
False
Is 14795860099 prime?
True
Is 105108496579 prime?
True
Is 25154401 a prime number?
False
Is 130405595021 prime?
False
Is 6256080401 a prime number?
True
Is 5083257769 prime?
True
Is 62093376263 a composite number?
True
Is 283880459 prime?
True
Is 2642434681 prime?
False
Is 2791901471 a prime number?
True
Is 13479518747 prime?
True
Is 11824753573 composite?
True
Is 73600305461 composite?
True
Is 15049115681 a composite number?
False
Is 768806518 composite?
True
Is 1368266101 a prime number?
True
Is 176157499633 a prime number?
False
Is 3622321399 a prime number?
False
Is 24361367 composite?
False
Is 12071934383 a composite number?
False
Is 118385861 prime?
False
Is 439075739 a composite number?
True
Is 558884731 composite?
True
Is 2264336303 a prime number?
False
Is 191100589 a prime number?
False
Is 1011852249 a prime number?
False
Is 236527351 prime?
True
Is 62867783149 a prime number?
True
Is 122878853 composite?
False
Is 23735441881 prime?
True
Is 7236386473 prime?
False
Is 13600967 a prime number?
True
Is 2522147917 composite?
True
Is 43101740743 composite?
True
Is 43215439231 composite?
True
Is 55384425221 composite?
False
Is 839724751 composite?
True
Is 10509284861 prime?
False
Is 81218967 composite?
True
Is 423598043573 a composite number?
False
Is 9448650047 prime?
True
Is 112095322883 a composite number?
False
Is 63013681 composite?
True
Is 99535717159 composite?
False
Is 4062026581 composite?
True
Is 1827431257 prime?
False
Is 318900203 prime?
False
Is 13244270807 a prime number?
True
Is 1199742143 prime?
False
Is 5556553 a composite number?
True
Is 47510275927 a prime number?
True
Is 1450066361 prime?
False
Is 747390328519 a prime number?
True
Is 4605205699 composite?
True
Is 9774347939 a composite number?
True
Is 840212587 composite?
True
Is 21598737359 composite?
False
Is 4489108658 prime?
False
Is 11704684627 prime?
False
Is 947999491 prime?
True
Is 3876779213 composite?
True
Is 15147824807 a prime number?
True
Is 1128781837 a prime number?
False
Is 14784903733 prime?
True
Is 8883457471 a composite number?
True
Is 676471153 composite?
False
Is 313664557 a composite number?
False
Is 30753125573 prime?
False
Is 26446189421 prime?
True
Is 56998751793 prime?
False
Is 341175719 prime?
False
Is 627628487 composite?
True
Is 1864617893 composite?
True
Is 284428253 a composite number?
False
Is 470792359 a prime number?
False
Is 62888930869 a composite number?
False
Is 110509979299 a prime number?
True
Is 1731879631 a composite number?
False
Is 1523326139 prime?
True
Is 3973492651 a composite number?
False
Is 20328766943 composite?
True
Is 77035020593 a prime number?
True
Is 51565631487 a composite number?
True
Is 1177780771 a composite number?
True
Is 120407387 a composite number?
False
Is 12741398977 composite?
False
Is 1367629181 a composite number?
False
Is 6313435133 a composite number?
True
Is 62463119 prime?
True
Is 178917923 a prime number?
True
Is 12248286185 prime?
False
Is 20713472321 a prime number?
True
Is 55756567231 composite?
False
Is 9523426573 prime?
True
Is 894597113 composite?
True
Is 1052900041 prime?
True
Is 19936196669 composite?
False
Is 17923405561 composite?
True
Is 34443074453 a prime number?
True
Is 45320394983 a composite number?
False
Is 5547327631 prime?
True
Is 19016861739 composite?
True
Is 4458150069 a prime number?
False
Is 75084830369 composite?
False
Is 2117296799 a prime number?
True
Is 5913369457 a prime number?
True
Is 161226983 a composite number?
False
Is 4340099123 prime?
False
Is 1193867317 a prime number?
True
Is 5797543897 a composite number?
False
Is 1880334167 prime?
True
Is 7135393301 a composite number?
False
Is 300834229 a composite number?
False
Is 46962581135 a composite number?
True
Is 1187202943 a composite number?
False
Is 864801473 a composite number?
True
Is 105089401 prime?
True
Is 14685893641 a composite number?
True
Is 51860630137 prime?
True
Is 341180227 a prime number?
False
Is 20731448063 a composite number?
True
Is 76578793 a composite number?
False
Is 6240197053 a prime number?
True
Is 26449124981 a composite number?
False
Is 17291835349 prime?
False
Is 26455538047 a composite number?
False
Is 1219483511 a composite number?
False
Is 2377867669 composite?
False
Is 127927734797 a prime number?
True
Is 3326398619 a prime number?
False
Is 1092475541 a prime number?
False
Is 9705957853 composite?
True
Is 47455989029 composite?
True
Is 381002389 composite?
False
Is 2764235297 a composite number?
False
Is 23951912011 a composite number?
True
Is 1100875327 a prime number?
True
Is 1738166777 a prime number?
True
Is 396543293 a composite number?
True
Is 284009873 a prime number?
False
Is 4422445513 a composite number?
True
Is 452644822999 a prime number?
True
Is 6202739587 a composite number?
True
Is 11554997261 prime?
True
Is 221260043 prime?
True
Is 861393079 prime?
False
Is 955505167 a composite number?
False
Is 8214637199 a composite number?
True
Is 77352018113 a prime number?
True
Is 4195209047 a prime number?
False
Is 732161597 a composite number?
False
Is 3336885193 prime?
False
Is 156523541 a composite number?
True
Is 9614179 a prime number?
False
Is 1310438849 a prime number?
False
Is 630319973 prime?
False
Is 3752922907 composite?
True
Is 2042262083 prime?
True
Is 3205712537 a prime number?
False
Is 859874749 a composite number?
False
Is 822536699 a composite number?
True
Is 614651581 composite?
True
Is 116425109 a composite number?
False
Is 49992249298 prime?
False
Is 128915159173 a composite number?
True
Is 7464507917 prime?
False
Is 609274859 composite?
True
Is 3167208253 composite?
True
Is 3227203187 prime?
False
Is 1603118999 a prime number?
False
Is 49762956205 a composite number?
True
Is 23884745587 composite?
True
Is 67257527 a prime number?
False
Is 40779227243 a composite number?
True
Is 45852796369 prime?
True
Is 16973105879 prime?
False
Is 107468129 a prime number?
True
Is 4186935771 a prime number?
False
Is 17250277459 a prime number?
True
Is 296130860711 a prime number?
False
Is 194544881 a prime number?
True
Is 5179493563 a prime number?
False
Is 72721372715 a composite number?
True
Is 34826793901 a prime number?
False
Is 135542256781 a prime number?
True
Is 10772257 a composite number?
True
Is 50531405 prime?
False
Is 63722924213 a composite number?
True
Is 77492365687 composite?
True